-62. Determine a(s).
12
Let s(g) = 507 + g**3 + 8*g + g**2 + g**2 - 504 + 6*g**2. Calculate s(-7).
-4
Let x(d) be the second derivative of 0 + 1/6*d**3 + d**2 + 4*d. Let k(l) = l**3 - 2*l**2 + l + 2. Let q be k(2). Determine x(q).
6
Let q(a) = 70*a**2 + 1 - 69*a**2 - 4*a + 0 - 6. What is q(5)?
0
Let g(t) be the first derivative of -t**5/20 + t**4/2 + t**3 - 5*t - 6. Let o(z) be the first derivative of g(z). What is o(7)?
-7
Let o(j) = j - 5. Let b(z) = -z - 2. Let k be b(-6). Give o(k).
-1
Let n(t) = -t**2 - 6*t - 4. Let s(y) = -y**2 - 6*y - 4. Let v(g) = 5*n(g) - 4*s(g). Suppose 2*c + 29 = 5*z, -c - 5*z = 2*c + 31. Let r = 7 + c. Determine v(r).
1
Let c(t) = t**3 + 7*t**2 - 11*t - 4. Let s(p) = -p**3 - 7*p**2 + 12*p + 4. Let k(j) = -5*c(j) - 4*s(j). Give k(-8).
12
Let t(d) be the first derivative of d**3/3 - d**2 - 4*d - 28. Give t(5).
11
Let s = 19 - 17. Let n(y) = -5*y**3 + 30*y**3 - 5*y - 15*y**3 - 9*y**3 - 2 + 2*y**s. Let p be ((-6)/8)/(2/8). Give n(p).
4
Let m(x) = -3*x + 2. Let r be m(2). Let y(b) be the first derivative of -3*b**2/2 - b + 11. Give y(r).
11
Let p = -1 + 5. Let v(b) = -b**2 + 3*b + 3. What is v(p)?
-1
Suppose 4*g + z - 12 = -3*z, -4*g + 9 = z. Let l(h) = 5*h**2 + 6*h + h**g - h**2 - h**3 - 6. Give l(6).
-6
Let g(z) be the third derivative of -z**8/6720 + z**7/630 - z**4/6 - 2*z**2. Let i(q) be the second derivative of g(q). Let o = -7 + 10. Give i(o).
9
Let q(z) be the second derivative of z**4/8 + 2*z**3/3 + 2*z**2 - 2*z. Let f(u) be the first derivative of q(u). Give f(-4).
-8
Let q(t) = 7*t**3 - 12*t**2 - 10*t - 9. Let w(u) = 6*u**3 - 11*u**2 - 8*u - 8. Let x(z) = -5*q(z) + 6*w(z). Give x(5).
-18
Suppose -5*a - 7 - 33 = 0. Let o = -5 - a. Let i(b) = -2*b**2 + 4*b - 2. Determine i(o).
-8
Let h(f) = 11*f + 25. Let q(c) = -5*c - 12. Let p(r) = -6*h(r) - 13*q(r). Suppose -2*w = o - 6*w - 26, -44 = -4*o + 4*w. Calculate p(o).
0
Suppose -2*g + 4 = 2*q, g - 3*g = -2*q - 8. Let i be q/(-6) + 62/(-12). Let v(d) = -d**2 - 3*d + 4. Determine v(i).
-6
Let d(t) be the first derivative of -t**4/4 - 5*t**3/3 - 3*t**2/2 + 4*t + 32. Give d(-4).
0
Let j(y) = -2*y + 1. Let f = -7 + 7. Let x be j(f). Let t(a) = -8*a**2 + 2*a - 1. Calculate t(x).
-7
Let n(x) = 4*x**2 - x**3 - 3 + 2*x**2 - 4*x**2 + 4*x**2. Calculate n(6).
-3
Let k(y) be the first derivative of y**4/4 + y**3/3 + y**2/2 + y + 4. Determine k(-2).
-5
Let p(h) = h**2 - 1. Let k be (2 - -1) + 5 - 2. Suppose a = k*a + 15. Determine p(a).
8
Let o be (11 - 2) + (0 - 1). Suppose 0 = 5*x - w - o, 4*x + 2*w + 0*w = 12. Let u(j) = 2*j**x + 2*j - j**3 + 0*j + 1 + j**2 - 3*j. Calculate u(3).
-2
Let a(o) be the second derivative of 7*o**3/6 - 2*o. Suppose 0 = -2*l + 5*l + 3. Give a(l).
-7
Let b = 20 + -13. Let s = b + -11. Let m(c) = c**3 - c**2 - 3*c - 4*c - 6 + 4*c**2. Determine m(s).
6
Let d(c) = 2*c - 2 + 1 + 3*c. Let z(x) = -x - 8. Let k be z(-9). What is d(k)?
4
Let f(s) = -s**2 - 4*s - 1. Suppose -4*u - 20 = 4*j - j, -5 = u - j. Let b(x) = 5*x - 3*x + 2 - x. Let r be b(u). Determine f(r).
2
Let x(k) = k**2 - 4*k - 1. Suppose 5*i = -g + 10, 3*i + 0*i + 5*g = 6. Calculate x(i).
-5
Let y(b) = -2*b + 9. Let l = -14 - -77. Let t = l - 45. Suppose 2*x - 6 = w - 2*x, -2*x = -4*w + t. What is y(w)?
-3
Let q(x) be the third derivative of -x**6/360 + x**5/120 + x**4/24 + x**3/6 + 2*x**2. Let p(v) be the first derivative of q(v). Calculate p(-1).
-1
Suppose 2*m + 6 = 8. Let g(y) = -8*y**2 + 2*y - 1. What is g(m)?
-7
Let o(k) be the second derivative of k**3/6 + 3*k**2 - 10*k. Determine o(-7).
-1
Let v(a) = -a + 1. Suppose -4 = -4*s + 8*s. Calculate v(s).
2
Let f(g) = -g**3 + 4*g**2 - 6 - 5*g**2 + 1 + g. Suppose y + 4*p - 15 = 0, -5*y + 4 + 7 = 4*p. Let t = -1 - y. What is f(t)?
-5
Suppose -4*p + 3*m = p - 22, -p - 4*m = 14. Let w(h) = -h - 1 + h + 4*h - p*h. Give w(-3).
-7
Let n = -8 - -14. Let s = -6 + n. Let k(q) = s + 2 - q**2 + 2*q - 3 + 2. Calculate k(-2).
-7
Let d(n) be the second derivative of 5*n + 3/2*n**2 + 0 - 1/6*n**3. Give d(-5).
8
Let f(k) = -3*k + 0 - 18 + 4 + 5*k. What is f(10)?
6
Let z(m) = m**2 - 2. Let y(j) = j + 5. Let c(r) = -r - 1. Let u be c(2). Let w be y(u). Give z(w).
2
Let z be 3 + ((-2)/2 - 0). Let s(j) be the second derivative of -j**5/20 + j**4/6 - j**3/6 + j**2/2 + j. What is s(z)?
-1
Let w(d) = -d**2 - 11*d + 15. Let f be w(-12). Let m(r) = -1 + 0 - r - f. Give m(-4).
0
Let v = 22 - 21. Let w(x) = 5*x**2 - x. What is w(v)?
4
Let z(f) = 8*f + 6. Let p be 1/((-3)/(-9) + 0). Suppose 15 + 8 = p*r - l, 4*r = -2*l + 24. Let a(y) = 7*y + 7. Let g(s) = r*a(s) - 6*z(s). Give g(-6).
7
Let g(p) = p**2 - 3*p + 7. Let u(w) = 1. Let a(s) = -g(s) + 5*u(s). Calculate a(2).
0
Let m(y) = -y**2. Let z(d) = 4*d**2 + d + 1. Let p = 3 + -4. Let j be z(p). Suppose 3*h + j = h - a, -2*h - 3*a = 8. Determine m(h).
-1
Let i be ((-2)/3)/(18/81). Let l = i - 2. Let f(o) = o**3 + 6*o**2 + 3*o - 7. Give f(l).
3
Let h(n) = n**2 + 4*n. Let s be h(-5). Let m(u) = 2*u - 4. Let r be m(s). Let j(l) = -10 - r*l + 2*l + l**2 + 3*l - l**3. Determine j(0).
-10
Suppose 2*j + 8 = 4*k, -5 = -3*k + 4*j - 2*j. Let h(y) = -2*y + 0 + 2 - 5*y + 8*y - 2*y**2 - y**k. Give h(2).
-12
Let y(s) = s**2 - 3*s - 1. Let t be 9/(-6) - 26/(-4). What is y(t)?
9
Let f(s) = -2*s**3 + 2*s**2 - 5*s + 3. Let o(b) = 6*b**3 - 6*b**2 + 14*b - 9. Let x(g) = 8*f(g) + 3*o(g). Give x(2).
9
Suppose -24*f - 10 = -19*f. Let m(c) = -3*c**2 - 3*c + 2. Let v(n) = 7*n**2 + 7*n - 5. Let i(l) = -10*m(l) - 4*v(l). Determine i(f).
4
Let q be (-3)/6*4 - -3. Let k(s) = 13*s - 1. What is k(q)?
12
Let m(y) = -y**2 - 2*y - 9. Let g(s) = -s - 4. Let f(l) = 7*g(l) - 3*m(l). Give f(2).
9
Suppose -2*f = 5*x + f - 6, -5*f - 21 = -2*x. Let c(l) = 5 + 0*l**3 + l**2 - 4 + 2*l**x + 2*l + 0. What is c(-1)?
-2
Let n be (-3 - -5) + -2 + 3. Let l(b) = -4*b**2 - 7 + 4*b**2 - 2*b**2 + 5 + n*b. Determine l(2).
-4
Let n be (-6)/15 - 3/5. Let c be (-116)/(-20) + n/(-5). Let j(p) = -2*p**2 - c - p**3 + 0 + 3. Calculate j(-3).
6
Let f(k) = k**3 + 6*k**2 - 2*k + 4. Let t(g) = -3*g**3 - 13*g**2 + 5*g - 8. Let r(u) = 5*f(u) + 2*t(u). Calculate r(4).
4
Let h(l) = -l**3 - l**2 - 3*l - 5. Let o be h(0). Let k(r) = -r**3 - 5*r**2 + 3*r + 7. Determine k(o).
-8
Let f(p) be the second derivative of -p**4/12 + 7*p**3/6 + p**2 - 10*p. Give f(7).
2
Let x(v) = v + 0*v + 3 + 10 - 12. What is x(4)?
5
Let u(j) be the third derivative of j**4/24 + 11*j**3/6 + 8*j**2. What is u(-6)?
5
Let i(u) = -4*u**3 + 1. Let v(j) = 3*j - 5. Let a be v(4). Suppose -a*p - 5 = -2*p. Calculate i(p).
5
Suppose -w - 3*m - 14 = 0, -m = -w - 2*w + 8. Let g(t) = 30*t. Let z(k) = -10*k. Let d(o) = 3*g(o) + 8*z(o). Calculate d(w).
10
Let g(d) = 2*d + 5. Let j(o) = -4*o**2 + 4*o**2 + 2*o**2 + 8 - 4*o + o**3 + 3*o**2. Let n be j(-6). What is g(n)?
-3
Let f(r) = r**3 + 4*r**2 - 3*r - 4. Let m = -6 + 10. Suppose 0 = 5*c + 3*q - 2*q + 37, 4*c = -2*q - 26. Let n = m + c. Calculate f(n).
8
Let z(f) = 2*f + 3. Let i(r) = r**2 - 5*r - 4. Let x be i(6). Suppose 4 - x = -g. Determine z(g).
-1
Let c(a) = -a**2 - 16*a - 21. Let l be c(-15). Let h(x) = -x**2 - 5*x - 5. Calculate h(l).
-11
Let q = -5 + 12. Let v(t) = 7*t + 4 + 0 - 8*t. What is v(q)?
-3
Let t = 5 + -4. Let l be 0 + 0 + 3/3. Let b(f) = 1 - 2*f - l. Give b(t).
-2
Suppose -5*s + 4*s + 7 = 0. Suppose 2*c - k = 13, -c - 2*c - k + s = 0. Let g(t) = t. Let j(b) = -b. Let w(f) = 2*g(f) + 3*j(f). Calculate w(c).
-4
Let o = 1 - -1. Let b(t) = 4*t**2 - o*t**3 - 4*t + 1 + 2 + 3*t**3. Let v(k) = k**3 + 4*k**2 + 2*k + 3. Let y be v(-4). What is b(y)?
-2
Let s(o) = o**3 - 3*o**2 + 3*o - 4. Let j be s(2). Let i(z) = 2*z**3 + 4*z**2 + 2*z - 2. Give i(j).
-6
Suppose 2*o - 12 = -14. Let h(w) = 7*w**3 + 2*w**2 + w. What is h(o)?
-6
Let n(d) = d**3 - 5*d**2 + 5*d. Let c(p) = p**3 + p**2 + p + 2. Let k be c(0). Let a = k - -2. What is n(a)?
4
Suppose -4 = 5*w - 14. Let z(y) = y**2 + 2*y - 3. Let n be z(w). Let q(a) = 2*a**3 + 2*a**3 + n*a + 4*a**2 - 1 - 5 - 5*a**3. Determine q(5).
-6
Let j(x) = -x**3 - 4*x**2 - 1. Let o be j(-4). Let v(y) = 3*y**2 + y + 1. What is v(o)?
3
Let c(z) = -z**2 + 2*z + 5. Suppose -4*l - 25 = -9*l. Let p be c(l). Let g = 8 + p. Let b(x) = x**3 + 5*x**2 + 2*x + 3. What is b(g)?
11
Let j(f) = -f**2 - 6*f - 4. Let m(y) = y**2 + 5*y + 4. Let l(w) = -4*j